- -125b31d?
125b319
In base 2, what is -10100 + 1001111100010111?
1001111100000011
In base 8, what is 1171514 - -24?
1171540
In base 11, what is 76a5813 - -5?
76a5818
In base 13, what is 2 + 4b4044?
4b4046
In base 12, what is -9576 + 28a56?
1b4a0
In base 3, what is 110011110 + -11012002?
21222101
In base 5, what is 1440 + -32410021?
-32403031
In base 15, what is d828 - 99?
d77e
In base 4, what is 2122121300 + 210?
2122122110
In base 3, what is -2102112101 - -101002?
-2102011022
In base 10, what is -275198538 + -1?
-275198539
In base 16, what is d857 - 22?
d835
In base 2, what is 101 + 1100000100111110001111101000?
1100000100111110001111101101
In base 8, what is 107702 + 641?
110543
In base 10, what is 9 - 689867?
-689858
In base 3, what is -21 - -1222020022110?
1222020022012
In base 2, what is -1100100010010 + 1111000000001111?
1101011011111101
In base 10, what is -206310 + 128?
-206182
In base 14, what is -2d - -b3652?
b3623
In base 9, what is 3566 - -4563?
8240
In base 12, what is -1a9b - -40814?
3a935
In base 5, what is -22112032 - 22?
-22112104
In base 2, what is 1001101000010111010111011011 - -11?
1001101000010111010111011110
In base 8, what is 103325531 + 5?
103325536
In base 2, what is -110100011110110001 + 1101100?
-110100011101000101
In base 15, what is 2 + -4962659?
-4962657
In base 2, what is 1101 - 1101100100001001100011?
-1101100100001001010110
In base 3, what is -12121010111200202 - -12?
-12121010111200120
In base 5, what is -24340 - 234332?
-314222
In base 4, what is -323231210303 - -11?
-323231210232
In base 14, what is -1138640 + 0?
-1138640
In base 8, what is -1 - -1226146577?
1226146576
In base 15, what is 9ab14d + -20?
9ab12d
In base 5, what is 323331201 + -24?
323331122
In base 16, what is -29f097 + -2?
-29f099
In base 12, what is a2ab3 + 490?
a3383
In base 7, what is 5 - 21465656?
-21465651
In base 2, what is -10010100100 - -1011111100111101001?
1011111010101000101
In base 16, what is a36e157 + 4?
a36e15b
In base 13, what is -3b7 - -1a5c9?
1a212
In base 7, what is 31 + -41063422?
-41063361
In base 3, what is -1122102121121201 - 212?
-1122102121122120
In base 13, what is 5c6107 - 0?
5c6107
In base 2, what is 10101001000110100110101111 - -10?
10101001000110100110110001
In base 9, what is -3387868 - -3?
-3387865
In base 6, what is 1421344433 - 4?
1421344425
In base 14, what is 5705 + -137c4?
-c0bd
In base 11, what is 144600 - 86?
144525
In base 4, what is 101323 - 2222022312?
-2221320323
In base 12, what is 55 - 1150190?
-1150137
In base 12, what is -1ba - -9403?
9205
In base 10, what is -1738 + 1236?
-502
In base 10, what is 34 - 148122?
-148088
In base 13, what is 112 - 296?
-184
In base 9, what is -212838 - 1641?
-214580
In base 6, what is -11544145224 + -1?
-11544145225
In base 3, what is -1201 + 10012221201?
10012220000
In base 15, what is -4 + -83805?
-83809
In base 15, what is -13 + 5379e5?
5379d2
In base 6, what is 5034133 - -110?
5034243
In base 11, what is -48 + -1a1210?
-1a1258
In base 10, what is -15325 - -17522?
2197
In base 3, what is 121200201000001 + 0?
121200201000001
In base 13, what is 3392b053 - -5?
3392b058
In base 14, what is 3 - 3824ca0?
-3824c9b
In base 6, what is 3 + 1130131254?
1130131301
In base 13, what is -a445 - -485?
-9c90
In base 13, what is 5 - -1951a4b5?
1951a4ba
In base 10, what is -51033 + -3649?
-54682
In base 7, what is 254343243 + 3?
254343246
In base 9, what is 27583 + 1351?
30044
In base 2, what is 100011111111010111001011 - -1?
100011111111010111001100
In base 8, what is -151325724 - -2?
-151325722
In base 10, what is -2440 + -23789?
-26229
In base 12, what is 7 - 29049616?
-2904960b
In base 11, what is 4 - 42576364?
-42576360
In base 16, what is -418661 + -57?
-4186b8
In base 6, what is 3453113133 - 10?
3453113123
In base 7, what is 11653024 + -24?
11653000
In base 13, what is -37 - -aa8825?
aa87bb
In base 5, what is 2 - 21200203022?
-21200203020
In base 5, what is 3 + 20443411201?
20443411204
In base 6, what is 323505 - 241021?
42444
In base 3, what is 100220 - -10012221?
10120211
In base 15, what is -3e0616 + -86?
-3e069c
In base 3, what is 12 + 120102000020212?
120102000021001
In base 14, what is -2 + -61d0924?
-61d0926
In base 11, what is -1a4 - 236665?
-236859
In base 7, what is 123524615 + -23?
123524562
In base 5, what is 311 + 100130242?
100131103
In base 14, what is -2d - -114b65?
114b36
In base 7, what is 41 + -3564515?
-3564444
In base 5, what is 3313 - -333220?
342033
In base 10, what is -20948 + 10336?
-10612
In base 10, what is 20 + 296853?
296873
In base 4, what is -322231 - 1203000?
-2131231
In base 4, what is -3011132 - -1013?
-3010113
In base 3, what is 2102121100101100 + -12?
2102121100101011
In base 3, what is -122112 + 1012001211?
1011102022
In base 13, what is 2 + 21601a?
21601c
In base 2, what is -1011110101101111001000 + -110?
-1011110101101111001110
In base 10, what is -9 + -35471?
-35480
In base 16, what is 409 - -17d7?
1be0
In base 12, what is 5 + 8032b7?
803300
In base 6, what is 10510 + 14123543?
14134453
In base 8, what is 555 + -30275?
-27520
In base 15, what is -4678ea + 0?
-4678ea
In base 15, what is 28c122 + -7?
28c11a
In base 4, what is 1331233200 + -123?
1331233011
In base 11, what is -16 + -139093?
-1390a9
In base 6, what is -3 + 103434312224?
103434312221
In base 2, what is -1101000011 + 100101101010?
11000100111
In base 12, what is 207a - -8a35?
aab3
In base 12, what is -33513259 + -1?
-3351325a
In base 5, what is 134213301 - 4111?
134204140
In base 16, what is -cf - -1540a?
1533b
In base 16, what is 45 + 5422ab?
5422f0
In base 9, what is -46627063 - 23?
-46627086
In base 3, what is -11112201222020200 + -10?
-11112201222020210
In base 14, what is -2d + 25db1?
25d82
In base 3, what is 111 - -20100022221222?
20100022222110
In base 3, what is -1 - -22112020201?
22112020200
In base 16, what is 30 + -89777?
-89747
In base 15, what is -1 + -23ea043?
-23ea044
In base 14, what is -1a647c + 1?
-1a647b
In base 10, what is -943 + -2248?
-3191
In base 12, what is 92 + -6825?
-6753
In base 8, what is 70 + -6670657?
-6670567
In base 9, what is 7828034 - -5?
7828040
In base 12, what is -13 - -32a360a?
32a35b7
In base 4, what is -1 - 212223200101?
-212223200102
In base 2, what is 101110011010111101 - -1010?
101110011011000111
In base 8, what is -50 + -15543271?
-15543341
In base 4, what is 200131012 + -100?
200130312
In base 9, what is -1 - 122878405?
-122878406
In base 6, what is 12123 + 324432?
340555
In base 13, what is 1a6968 + 23?
1a698b
In base 14, what is -a + -8a1584?
-8a1590
In base 8, what is -627260 + 345?
-626713
In base 12, what is 24 - -5324153?
5324177
In base 2, what is -101111110011001001111000101 - 0?
-101111110011001001111000101
In base 4, what is -112203 + 32110?
-20033
In base 10, what is -56079912 - -5?
-56079907
In base 13, what is 3ca870b2 - -3?
3ca870b5
In base 3, what is 10 - -211101211122121?
211101211122201
In base 3, what is -1222112 - 1001020122?
-1010020011
In base 12, what is 15 - -404827?
404840
In base 8, what is -7737764154 + 0?
-7737764154
In base 5, what is -100000422140 + -10?
-100000422200
In base 11, what is -127278 + -230?
-1274a8
In base 3, what is 10002000202011102 - 11?
10002000202011021
In base 6, what is -2 + -15210115312?
-15210115314
In base 13, what is -b + -86067?
-86075
In base 3, what is -121100220212 + -222?
-121100221211
In base 5, what is 423 - -233311120?
233312043
In base 11, what is -11872 - -22a?
-11643
In base 6, what is 1242 - -400425?
402111
In base 15, what is 0 + 175a165?
175a165
In base 9, what is -212444 - 482?
-213036
In base 3, what is 22000 - 211210100?
-211111100
In base 3, what is -2120201202 + -2022211?
-2200001120
In base 8, what is 473115 - 2102?
471013
In base 15, what is -2 - -37bdeeb?
37bdee9
In base 7, what is -13022006 - -2?
-13022004
In base 2, what is -110000101 - -111010101000?
110100100011
In base 3, what is 11120012 - -220222011?
1002112100
In base 14, what is -72 + 144196?
144124
In base 4, what is 11302 + 10300123212?
10300201120
In base 12, what is 121 - -273832?
273953
In base 10, what is -4 + 22516048?
22516044
In base 10, what is 753 + -144563?
-143810
In base 9, what is -1 + -37515826?
-37515827
In base 6, what is -54421 + 4103?
-50314
In base 13, what is -74509424 